3, what is -202 + 1002200122?
1002122220
In base 13, what is 27a + -74?
206
In base 16, what is 3 - b96c?
-b969
In base 15, what is -1ca - 36a?
-545
In base 8, what is -1330 - -560?
-550
In base 4, what is 123023100 - 2?
123023032
In base 3, what is 100000 + -2221?
20002
In base 12, what is -5915b3 + 4?
-5915ab
In base 12, what is 31 + -287?
-256
In base 8, what is -12413 - -3?
-12410
In base 16, what is 4 + 3783?
3787
In base 13, what is -4373 + 5?
-436b
In base 16, what is bdc + -5?
bd7
In base 10, what is 118 - 239?
-121
In base 9, what is -23700 + 26?
-23663
In base 6, what is 1 - 111444?
-111443
In base 12, what is -11a2535 + -4?
-11a2539
In base 3, what is -12 + -100202002?
-100202021
In base 10, what is 181 - -635?
816
In base 9, what is 123 + -850?
-726
In base 2, what is -1011011 - 1001001?
-10100100
In base 7, what is -3 - 160146?
-160152
In base 2, what is 1111000 - 101101110?
-11110110
In base 13, what is 3 + -11442?
-1143c
In base 14, what is b - 8300?
-82d3
In base 12, what is 196063 + -2?
196061
In base 3, what is 1011200021201 - -11?
1011200021212
In base 7, what is 4 + -16621?
-16614
In base 6, what is 1154 - -24?
1222
In base 16, what is 29b + 23a?
4d5
In base 10, what is 221054 + 4?
221058
In base 2, what is -10011100100000101110 - -10?
-10011100100000101100
In base 10, what is 70 + -4646?
-4576
In base 2, what is -100100111001100000 + -11?
-100100111001100011
In base 8, what is -3 - 17357?
-17362
In base 9, what is 61 - -10185?
10256
In base 5, what is 232 - -103102?
103334
In base 4, what is -1 - -1021201130?
1021201123
In base 3, what is 111011221 - 10?
111011211
In base 12, what is 20b - 19?
1b2
In base 3, what is 120010121100221 - 2?
120010121100212
In base 6, what is 1 + 3133420?
3133421
In base 8, what is 36676 + 1?
36677
In base 13, what is 15 - -42?
57
In base 15, what is -361 - 87?
-3e8
In base 3, what is -1202222220 - 10?
-1210000000
In base 9, what is 3581 + 153?
3744
In base 14, what is -3170 + 22?
-314c
In base 13, what is 315 + -31?
2b4
In base 14, what is 7d + 1308b?
1312a
In base 6, what is 0 - -10441433?
10441433
In base 16, what is -2e640 + -4?
-2e644
In base 2, what is -10 - -100010110001010?
100010110001000
In base 10, what is 18 - -5271?
5289
In base 10, what is -3645 + -1126?
-4771
In base 10, what is -3 - -584783?
584780
In base 7, what is -4601 + 36?
-4532
In base 7, what is -53 + 1552?
1466
In base 5, what is -2 - 143101?
-143103
In base 11, what is -17 - -17489?
17472
In base 12, what is 412 + -5?
409
In base 10, what is -764 + -71?
-835
In base 14, what is 5 - 6350?
-6349
In base 9, what is 3 - 57333?
-57330
In base 15, what is 4 - 28836?
-28832
In base 5, what is -32324142 - -10?
-32324132
In base 10, what is -24567 - 1?
-24568
In base 12, what is 5a7b - 3?
5a78
In base 10, what is -16 + -126398?
-126414
In base 13, what is 92 - -1a6?
268
In base 15, what is -13 - 6?
-19
In base 8, what is 3 + -631740?
-631735
In base 15, what is -680 - 7?
-687
In base 5, what is -23013 + 113?
-22400
In base 8, what is -5 - 6306?
-6313
In base 9, what is -3 + -126484?
-126487
In base 2, what is 1 - -110011001011?
110011001100
In base 15, what is -6 - 8bd9?
-8be0
In base 10, what is -10 - -11899?
11889
In base 12, what is 1 - -355?
356
In base 12, what is -5 + 3534?
352b
In base 15, what is -694 + -5?
-699
In base 8, what is 3322 + -114?
3206
In base 9, what is 1634 - -37?
1672
In base 3, what is -21200 - 1010222?
-1102122
In base 4, what is -131133131 - 22?
-131133213
In base 11, what is -6 - 37822?
-37828
In base 7, what is 3 - 13615?
-13612
In base 7, what is 26216 + 53?
26302
In base 5, what is 1110201 - 1?
1110200
In base 11, what is -592 - -3148?
2666
In base 12, what is 31 - 28234?
-28203
In base 15, what is 89 + 22c?
2b6
In base 6, what is 12 - 223?
-211
In base 5, what is 204103 - 1203?
202400
In base 2, what is -1110 + 1100101111110001?
1100101111100011
In base 8, what is -4 - -337016?
337012
In base 11, what is 119 - 257?
-139
In base 14, what is -c5c5 + -78?
-c65d
In base 11, what is 786a + -28?
7842
In base 14, what is 15 - 43525?
-43510
In base 8, what is 66 - -2070?
2156
In base 9, what is -7313 - -85?
-7217
In base 3, what is -21220120 - 11?
-21220201
In base 6, what is 35 + 1400141?
1400220
In base 14, what is -6990 + -2?
-6992
In base 16, what is -2 - -99624?
99622
In base 6, what is 0 - 413034?
-413034
In base 9, what is 36 + 34747?
34784
In base 12, what is 1b + 35a?
379
In base 8, what is 5 + -2045170?
-2045163
In base 14, what is 8d49 + 5?
8d50
In base 11, what is 8763 - -27?
878a
In base 5, what is 1 + 1222442?
1222443
In base 9, what is 3 - 12552?
-12548
In base 3, what is -2222 - 12002110?
-12012102
In base 3, what is 1020202220 + 2101?
1020212021
In base 2, what is -101001110001 - -11100?
-101001010101
In base 5, what is 201 - 22?
124
In base 2, what is 1010100 - -10000001?
11010101
In base 2, what is 1 + -100111100110111011?
-100111100110111010
In base 7, what is -1 - -603062?
603061
In base 9, what is 140671 - 0?
140671
In base 9, what is -5 - 1450256?
-1450262
In base 13, what is -2c62 + 7?
-2c58
In base 12, what is -1587 + -23?
-15aa
In base 14, what is -17b30 + 2?
-17b2c
In base 7, what is -3 + 112125?
112122
In base 13, what is 29617 + 1?
29618
In base 12, what is -56780 + -3?
-56783
In base 4, what is -3 + 12123133?
12123130
In base 5, what is 2044031 + -10?
2044021
In base 4, what is -300303000 + 0?
-300303000
In base 11, what is 4 + 557?
560
In base 16, what is 519c + 5?
51a1
In base 16, what is 2 - 148a7?
-148a5
In base 2, what is -110001 - -11110011100?
11101101011
In base 7, what is 16323 - 133?
16160
In base 6, what is -114 - -1144433?
1144315
In base 15, what is 2368c6 + -4?
2368c2
In base 2, what is -100101 - 10000011?
-10101000
In base 5, what is -3 - 122422120?
-122422123
In base 15, what is -eb4 - 3?
-eb7
In base 2, what is 111 + 1110101010?
1110110001
In base 13, what is 1 - -468c?
4690
In base 13, what is -6 - -b97b?
b975
In base 15, what is -aa + 24b4?
2409
In base 15, what is 1dc7 + -75?
1d52
In base 14, what is 3 + -515a?
-5157
In base 16, what is -4 - -9e5b?
9e57
In base 4, what is 3 - 10310012?
-10310003
In base 16, what is 36 - -115?
14b
In base 16, what is 14 - eae?
-e9a
In base 16, what is 9 + 10e8f?
10e98
In base 14, what is 2 - -48071?
48073
In base 2, what is -110 + 1111001?
1110011
In base 9, what is -118 + 475?
356
In base 6, what is -14 - -244225?
244211
In base 16, what is -16839 - 1?
-1683a
In base 11, what is -4 + -146872?
-146876
In base 6, what is -1411 + -1153?
-3004
In base 7, what is 156 + -15364?
-15205
In base 3, what is -1201 - 11011100212?
-11011102120
In base 11, what is -4385 + 133?
-4252
In base 16, what is 3 - -17b6?
17b9
In base 4, what is -310100 - -103?
-303331
In base 10, what is -2 - 52059?
-52061
In base 4, what is -1 - 3022033?
-3022100
In base 14, what is -5 + -545c5?
-545ca
In base 9, what is 23657 - 64?
23583
In base 2, what is -1110001110000010 + 1001?
-1110001101111001
In base 6, what is 20523 + 11025?
31552
In base 11, what is 4246 - 128?
4119
In base 12, what is 9 + -110?
-103
In base 2, what is -100011011010110011 - 1?
-100011011010110100
In base 10, what is -28 - -160997?
160969
In base 8, what is -2230712 + -2?
-2230714
In base 15, what is -b - 145d3?
-145de
In base 10, what is 2301 + -72?
2229
In base 5, what is -43124 - -42?
-43032
In base 9, what is -1 - -254078?
254077
In base 10, what is -574 - -861?
287
In base 2, what is 10 - 11111011111001?
-11111011110111
In base 7, what is -13 - -11126?
11113
In base 2, what is -11 - -11111001100011?
11111001100000
In base 4, what is 20 + -2101300?
-2101220
In base 13, what is 5 + a?
12
In base 10, what is 543 + -66?
477
In base 11, what is -8 - 2855?
-2862
In base 10, what is -38069 - 5?
-38074
In base 11, what is -5a030 + -5?
-5a035
In base 11, what is 20 + -132?
-112
In base 4, what is 302 + -111221?
-110313
In base 3, what is 20 + 12112100100?
12112100120
In base 11, what is -1a7985 - 2?
-1a7987
In base 15, what is -2d0 + -43?
-323
In base 16, what is 24 - -4b9?
4dd
In base 16, what is 2 + 1190e?
11910
In base 4, what is 31 - -2220?
2311
In base 6, what is 122554 - -4?
123002
In base 11, what is 63a + 182?
811
In base 6, what is -4001022 + -4?
-4001030
In base 5, what is